 = 708. What is the remainder when k is divided by 235?
227
Let i = -12 + 20. Suppose 0*c - 208 = -i*c. Suppose 4*s - 32 = -2*r, -r - 3*r = -s + c. What is the remainder when 28 is divided by s?
8
Suppose -15 = -3*k - 6. Suppose -12*t - k*o - 19 = -13*t, -2*t - 4*o = 2. Calculate the remainder when 54 is divided by t.
5
Suppose -2*k - 710 = -10*k - 3*x, 3*k - 260 = 2*x. What is the remainder when 5892 is divided by k?
84
Let j be (-65)/(-15)*(0 - -21). Let m = j + -87. Let z(o) = 3*o**3 - 4*o**2 - 6*o + 3. Calculate the remainder when z(m) is divided by 18.
17
What is the remainder when 5*(-4)/((-120)/8238) is divided by 11?
9
Let b(u) = 18*u**2 - 48*u - 69. What is the remainder when 455 is divided by b(5)?
32
Let x(a) = 43*a**2 + 21*a - 167. What is the remainder when x(-6) is divided by 60?
55
Let g = 3644 - 3280. Calculate the remainder when g is divided by 115.
19
Suppose 24*j - 49535 - 166993 = 0. Calculate the remainder when j is divided by 1803.
7
Suppose -1651*f = -1641*f + 320. Let v(t) = t**2 + 21*t - 292. What is the remainder when v(f) is divided by 17?
9
Let i = -1859 + 2038. What is the remainder when 5008 is divided by i?
175
Calculate the remainder when (-94316)/(-76) + -5 + -7 + 2 is divided by 600.
31
Suppose -117662 = -271*u - 34736. Calculate the remainder when u is divided by 273.
33
Let j(b) = 852*b + 3568. What is the remainder when 322 is divided by j(-4)?
2
Suppose 20*d = 160*d - 5180. What is the remainder when 628 is divided by d?
36
Suppose 70567 = 108*z - 109901. What is the remainder when z is divided by 25?
21
Suppose -5*s - 3 = -6*s. Suppose -3*b - 102 = -8*b - s*x, -83 = -4*b - x. Suppose -350 = -b*c + 7*c. What is the remainder when c is divided by 3?
1
Suppose 3*p - 3 + 95 = 4*z, 0 = 2*p - 8. Let m = z + 35. Let y = -14 + m. Calculate the remainder when y is divided by 16.
15
Let s be 0 - 1/((-3)/39). Let v(q) = 1274*q**3 - 3 + 23*q**2 - 1275*q**3 - 9*q**2 - 10*q - 3. Calculate the remainder when 98 is divided by v(s).
32
Let o(x) = -181*x + 385. What is the remainder when 3770 is divided by o(2)?
21
Let m = 143 + -117. Calculate the remainder when 518 is divided by m.
24
Suppose 15 = -3*h, -141*b + 139*b = h - 173. What is the remainder when 204 is divided by b?
26
Suppose -3*d + k = -7*d - 17, 3*k - 14 = d. Let n be -4 + d + -6*1/(-2). Let g = 28 + n. Calculate the remainder when g is divided by 14.
8
Let t = -85 + 142. Suppose t + 132 = v - 3*z, z = -2*v + 350. Calculate the remainder when v is divided by 20.
17
Let r be ((-18)/(-4) + -4)*0 - -15. Suppose r*o = 14*o + 49. What is the remainder when o is divided by 38?
11
Let h(j) = j**3 - 49*j**2 - 106*j + 215. What is the remainder when 4/(1 - 16/18) is divided by h(51)?
3
Suppose -18*d + 14*d + 12 = 0. Suppose 4*u + 5 = 4*k - 15, d*u - 10 = -2*k. Let g(f) = 2*f + 19. Calculate the remainder when 37 is divided by g(u).
18
Suppose -22*i + 21*i = -4, -4*i = 3*m - 202. Calculate the remainder when 155 is divided by m.
31
Let n = 15 + 2. Suppose -84 = -9*q + 24. Suppose -4*g - i = -2*i - 172, 0 = 3*i + q. Calculate the remainder when g is divided by n.
8
Suppose 0 = 2*c - 8, -3*h + 31 = -6*h + c. What is the remainder when ((-192)/h)/(-8)*279/(-6) is divided by (25/(-2))/(-5)*10?
24
Suppose -2*o + 9*o = 35. Suppose -5*q + 40 = -o*b, -2*q - 2 = b - 6*q. Calculate the remainder when 84 is divided by (-20)/(-6)*(-1 - b).
24
Suppose -4*j - 5*u = -1760 - 87, -j - 3*u + 467 = 0. Calculate the remainder when j is divided by 189.
80
Calculate the remainder when 107 is divided by (-35 + 36)*(28 + (0 - -1)).
20
Suppose -195*c = -174*c - 20349. What is the remainder when c is divided by 9?
6
Suppose -y = -3*q + 76, 3*y = -14 + 2. Suppose 12*z + 5*f = 17*z - 2675, -1060 = -2*z + f. What is the remainder when z is divided by q?
21
Let v be (-5)/2*(-264)/15. Suppose 18 - v = -2*y. Let f = 72 + -51. Calculate the remainder when f is divided by y.
8
Suppose -2*b + 2 = 0, h + 4*b - 2131 = -2015. Calculate the remainder when 406 is divided by h.
70
Let d = -3661 - -3773. What is the remainder when 890 is divided by d?
106
Suppose 7644 = 29*f - 40*f + 37*f. Calculate the remainder when f is divided by 31.
15
Let q = 323 + 211. Calculate the remainder when q is divided by 205.
124
Let h(a) = -a**3 - a. Let o = -2732 + 2738. What is the remainder when h(-3) is divided by o?
0
Let b = -728 + 744. Calculate the remainder when (456/(-42))/((-2)/7) is divided by b.
6
Suppose -7075 = 61*j - 11772. Calculate the remainder when 928 is divided by j.
4
Let a = 932 - 377. Let b = a + -489. What is the remainder when 263 is divided by b?
65
Let m(v) = 3*v**3 + 117*v**2 + 21*v + 42. Let c be m(-39). Let q = c - -1002. What is the remainder when q is divided by 76?
73
Let l = 1554 + -1254. What is the remainder when l is divided by 22?
14
Calculate the remainder when 1022 is divided by 69/(7 + (-2109)/38*16/132).
10
Let f = 9757 + -9744. Calculate the remainder when 5077 is divided by f.
7
Suppose 0 = -3*b - 20 + 122. Let a = 19 - b. What is the remainder when (a/(-9))/5*(2 + 127) is divided by 15?
13
Suppose 0 = -r + s + 119, 8*r + 5*s = 5*r + 365. Suppose 104 = 4*l - r. Calculate the remainder when l is divided by 29.
27
Let g(j) = j - 27. Let o be g(41). Suppose -2*p - 3*r = -49, -p - o = -2*r - 56. Suppose 0 = z - 52 - 74. What is the remainder when z is divided by p?
30
Let x = 48 - 10. Let i be x - 5/15*-3. Suppose 4*d - i = 17. Calculate the remainder when d is divided by 5.
4
Let m be (3/4)/(3/12). Let g(h) = 10*h - 8*h - m*h + 129. Calculate the remainder when g(0) is divided by 22.
19
Suppose 0 = 4*x - 3*x + 3. Let m be ((-36)/10 - (-15)/25)*x. Suppose 3*o + 630 = m*o. What is the remainder when o is divided by 9?
6
Let w(a) = -a**2 - 20*a - 57. Let l be w(-11). Let j = l + -19. Calculate the remainder when 74 is divided by j.
5
Let f = 57 - 18. Let i(d) = 2003*d**3 - 9*d + 8. Let o be i(1). Suppose 0 = -83*y + 96*y - o. Calculate the remainder when y is divided by f.
37
Let d(a) = 6*a + 30. Let r(g) = 5*g + 32. Let j(i) = 2*d(i) - 3*r(i). What is the remainder when 56 is divided by j(-16)?
8
Suppose -4*y = -2*v - 2, -3*v = -5*y + 2*v - 10. Suppose -s + 4*u - 5*u + 31 = 0, 5*s + y*u = 147. What is the remainder when 808 is divided by s?
25
Let k(g) = g + 58. Suppose -309*u + 124 = -4212 - 3080. What is the remainder when k(0) is divided by u?
10
Let u(f) = -13*f**3 - 48*f**2 + 4*f - 77. Calculate the remainder when 2936 is divided by u(-5).
312
What is the remainder when -318*19/(-57)*5 is divided by 271?
259
Let p = 26776 + -26760. Calculate the remainder when 8716 is divided by p.
12
Suppose -4*s - 1530 = -z, 4*z - 2*s + 6210 = 8*z. What is the remainder when z is divided by 15?
5
Let a = 1056 - 966. Suppose 4*t - 214 = 2*c, 92*t - 113 = a*t - 5*c. What is the remainder when 127 is divided by t?
19
Let w = -102709 + 102730. Let n(v) = 5*v + 4. What is the remainder when n(4) is divided by w?
3
Let x = 90 + -207. Calculate the remainder when 108 is divided by (-1916)/(-52) - 18/x.
34
Let o(u) = u**3 + u**2. Let a(l) = 4*l**3 - 11*l**2 + 7*l + 1. Let j(x) = a(x) + 5*o(x). What is the remainder when j(3) is divided by 53?
52
Let j(v) = v**2 + v - 20. Suppose -7*t + 56 - 7 = 0. Let x be (-64)/(-14) - (-3)/t. What is the remainder when 68 is divided by j(x)?
8
Let o be 90/(-12)*(-9)/((-180)/(-176)). Suppose o = 6*s - 3*s. Calculate the remainder when 1/2 + 163/2 is divided by s.
16
Let k(f) = f**2 - 11*f - 4. Let h be k(5). Let p(n) = n**2 + 34*n + 55. What is the remainder when 106 is divided by p(h)?
51
Let r(h) = -12*h - 288. Calculate the remainder when 419 is divided by r(-34).
59
Let z = 26 - 22. Let k(q) = -q**3 - 7*q**2 - 9*q + 35. Let f be k(-9). Suppose f = z*o - 14. Calculate the remainder when o is divided by 37.
36
Let o(d) = -41*d**2 + 16*d. Let n(y) = -21*y**2 + 7*y. Let p(l) = -7*n(l) + 3*o(l). Calculate the remainder when p(1) is divided by 6.
5
Let n = 491 - 536. Let s(y) = -6*y - 255. What is the remainder when 253 is divided by s(n)?
13
Let n(k) = -2*k**2 + 1. Let t(c) = 9*c**2 + 4*c - 124. Let w(d) = 4*n(d) + t(d). Calculate the remainder when w(12) is divided by 33.
6
Let g(b) = -66*b - 371. Calculate the remainder when g(-8) is divided by 41.
34
Suppose 73*